{"id":4,"date":"2016-03-18T15:15:38","date_gmt":"2016-03-18T14:15:38","guid":{"rendered":"http:\/\/pdja.valeursenjeu.fr\/?page_id=4"},"modified":"2021-01-17T21:03:01","modified_gmt":"2021-01-17T20:03:01","slug":"accueil","status":"publish","type":"page","link":"https:\/\/pdja.valeursenjeu.fr\/","title":{"rendered":"Accueil"},"content":{"rendered":"<p>&nbsp;<\/p>\n<table class=\"aligncenter\">\n<tbody>\n<tr>\n<td><img decoding=\"async\" loading=\"lazy\" class=\"alignnone size-medium wp-image-23\" src=\"http:\/\/pdja.valeursenjeu.fr\/wp-content\/uploads\/2016\/03\/drapeau_france_bois-300x205.jpg\" alt=\"drapeau_france_bois\" width=\"300\" height=\"205\" srcset=\"https:\/\/pdja.valeursenjeu.fr\/wp-content\/uploads\/2016\/03\/drapeau_france_bois-300x205.jpg 300w, https:\/\/pdja.valeursenjeu.fr\/wp-content\/uploads\/2016\/03\/drapeau_france_bois-768x524.jpg 768w, https:\/\/pdja.valeursenjeu.fr\/wp-content\/uploads\/2016\/03\/drapeau_france_bois.jpg 923w\" sizes=\"(max-width: 300px) 100vw, 300px\" \/><\/td>\n<td><img decoding=\"async\" loading=\"lazy\" class=\"alignnone size-medium wp-image-22\" src=\"http:\/\/pdja.valeursenjeu.fr\/wp-content\/uploads\/2016\/03\/Logo-Fab-Franc-Marine-15-300x233.png\" alt=\"Logo Fab Franc Marine 15\" width=\"300\" height=\"233\" srcset=\"https:\/\/pdja.valeursenjeu.fr\/wp-content\/uploads\/2016\/03\/Logo-Fab-Franc-Marine-15-300x233.png 300w, https:\/\/pdja.valeursenjeu.fr\/wp-content\/uploads\/2016\/03\/Logo-Fab-Franc-Marine-15.png 422w\" sizes=\"(max-width: 300px) 100vw, 300px\" \/><\/td>\n<td><img decoding=\"async\" loading=\"lazy\" class=\"alignnone size-medium wp-image-23\" src=\"http:\/\/pdja.valeursenjeu.fr\/wp-content\/uploads\/2016\/03\/drapeau_france_bois-300x205.jpg\" alt=\"drapeau_france_bois\" width=\"300\" height=\"205\" srcset=\"https:\/\/pdja.valeursenjeu.fr\/wp-content\/uploads\/2016\/03\/drapeau_france_bois-300x205.jpg 300w, https:\/\/pdja.valeursenjeu.fr\/wp-content\/uploads\/2016\/03\/drapeau_france_bois-768x524.jpg 768w, https:\/\/pdja.valeursenjeu.fr\/wp-content\/uploads\/2016\/03\/drapeau_france_bois.jpg 923w\" sizes=\"(max-width: 300px) 100vw, 300px\" \/><\/td>\n<\/tr>\n<\/tbody>\n<\/table>\n<p>&nbsp;<\/p>\n<p style=\"font-size: 12pt;\">Ce concept nous permet de proposer \u00e0 tout public, \u00e0 la fois particulier, professionnel, institutionnel d\u2019acqu\u00e9rir \u00e0 titre personnel ou professionnel des jeux \u00ab cr\u00e9atifs, insolites, intelligents et originaux \u00bb.<\/p>\n<p style=\"font-size: 12pt;\">Nos partenaires, pour certifi\u00e9s artisans fran\u00e7ais, pour d\u2019autre Europ\u00e9en, d\u00e9fendent des Valeurs qui nous sont ch\u00e8res.<\/p>\n<p>&nbsp;<\/p>\n<p><center><a href=\"http:\/\/valeursenjeu.fr\/index.php\/produit\/puzzle-france-js\/\"><img decoding=\"async\" loading=\"lazy\" class=\"size-medium wp-image-19 aligncenter\" src=\"http:\/\/pdja.valeursenjeu.fr\/wp-content\/uploads\/2016\/03\/ChevaletenBois-253x300.jpeg\" alt=\"ChevaletenBois\" width=\"253\" height=\"300\" srcset=\"https:\/\/pdja.valeursenjeu.fr\/wp-content\/uploads\/2016\/03\/ChevaletenBois-253x300.jpeg 253w, https:\/\/pdja.valeursenjeu.fr\/wp-content\/uploads\/2016\/03\/ChevaletenBois.jpeg 344w\" sizes=\"(max-width: 253px) 100vw, 253px\" \/><\/a><\/center>&nbsp;<\/p>\n<p><center><a href=\"..\/index.php\/les-puzzles-de-jean\">Les Puzzles de Jean<\/a><\/center><\/p>\n","protected":false},"excerpt":{"rendered":"<p>&nbsp; &nbsp; Ce concept nous permet de proposer \u00e0 tout public, \u00e0 la fois particulier, professionnel, institutionnel d\u2019acqu\u00e9rir \u00e0 titre personnel ou professionnel des jeux \u00ab cr\u00e9atifs, insolites, intelligents et originaux \u00bb. Nos partenaires, pour certifi\u00e9s artisans fran\u00e7ais, pour d\u2019autre Europ\u00e9en, d\u00e9fendent des Valeurs qui nous sont ch\u00e8res. &nbsp; &nbsp; Les Puzzles de Jean<\/p>\n","protected":false},"author":1,"featured_media":0,"parent":0,"menu_order":0,"comment_status":"closed","ping_status":"closed","template":"","meta":[],"_links":{"self":[{"href":"https:\/\/pdja.valeursenjeu.fr\/index.php\/wp-json\/wp\/v2\/pages\/4"}],"collection":[{"href":"https:\/\/pdja.valeursenjeu.fr\/index.php\/wp-json\/wp\/v2\/pages"}],"about":[{"href":"https:\/\/pdja.valeursenjeu.fr\/index.php\/wp-json\/wp\/v2\/types\/page"}],"author":[{"embeddable":true,"href":"https:\/\/pdja.valeursenjeu.fr\/index.php\/wp-json\/wp\/v2\/users\/1"}],"replies":[{"embeddable":true,"href":"https:\/\/pdja.valeursenjeu.fr\/index.php\/wp-json\/wp\/v2\/comments?post=4"}],"version-history":[{"count":9,"href":"https:\/\/pdja.valeursenjeu.fr\/index.php\/wp-json\/wp\/v2\/pages\/4\/revisions"}],"predecessor-version":[{"id":16,"href":"https:\/\/pdja.valeursenjeu.fr\/index.php\/wp-json\/wp\/v2\/pages\/4\/revisions\/16"}],"wp:attachment":[{"href":"https:\/\/pdja.valeursenjeu.fr\/index.php\/wp-json\/wp\/v2\/media?parent=4"}],"curies":[{"name":"wp","href":"https:\/\/api.w.org\/{rel}","templated":true}]}}